en 99642 is divided by 11069.
21
Calculate the remainder when 125083 is divided by 442.
439
Calculate the remainder when 6696 is divided by 57.
27
What is the remainder when 16433 is divided by 63?
53
Calculate the remainder when 58355 is divided by 193.
69
Calculate the remainder when 7888 is divided by 88.
56
What is the remainder when 13818 is divided by 6871?
76
What is the remainder when 103 is divided by 54?
49
Calculate the remainder when 5083 is divided by 1688.
19
Calculate the remainder when 58138 is divided by 9.
7
What is the remainder when 189690 is divided by 14587?
59
Calculate the remainder when 21871 is divided by 331.
25
What is the remainder when 533197 is divided by 100?
97
Calculate the remainder when 9329 is divided by 139.
16
What is the remainder when 767 is divided by 5?
2
What is the remainder when 408 is divided by 18?
12
Calculate the remainder when 10859 is divided by 5.
4
Calculate the remainder when 1206293 is divided by 15.
8
What is the remainder when 20490 is divided by 436?
434
Calculate the remainder when 32157 is divided by 16074.
9
What is the remainder when 749 is divided by 33?
23
What is the remainder when 11731 is divided by 5793?
145
What is the remainder when 179320 is divided by 627?
625
What is the remainder when 5275 is divided by 581?
46
What is the remainder when 23264 is divided by 7652?
308
What is the remainder when 1988 is divided by 16?
4
Calculate the remainder when 84093 is divided by 3.
0
What is the remainder when 5729 is divided by 65?
9
What is the remainder when 1798 is divided by 300?
298
What is the remainder when 28178 is divided by 193?
0
Calculate the remainder when 1986 is divided by 75.
36
What is the remainder when 23481 is divided by 336?
297
What is the remainder when 85560 is divided by 16?
8
Calculate the remainder when 81629 is divided by 1104.
1037
What is the remainder when 11576 is divided by 148?
32
Calculate the remainder when 42002 is divided by 13982.
56
Calculate the remainder when 33833 is divided by 101.
99
What is the remainder when 4163 is divided by 4152?
11
Calculate the remainder when 9693 is divided by 131.
130
Calculate the remainder when 1336 is divided by 646.
44
What is the remainder when 6118 is divided by 1002?
106
What is the remainder when 1147638 is divided by 25?
13
What is the remainder when 64089 is divided by 10676?
33
Calculate the remainder when 3066 is divided by 83.
78
Calculate the remainder when 2318 is divided by 1554.
764
Calculate the remainder when 24304 is divided by 37.
32
Calculate the remainder when 14148 is divided by 830.
38
Calculate the remainder when 27334 is divided by 1605.
49
What is the remainder when 1817 is divided by 12?
5
Calculate the remainder when 229183 is divided by 142.
137
What is the remainder when 144309 is divided by 84?
81
Calculate the remainder when 38998 is divided by 325.
323
What is the remainder when 27665 is divided by 318?
317
Calculate the remainder when 139513 is divided by 493.
487
Calculate the remainder when 2974 is divided by 51.
16
Calculate the remainder when 2028173 is divided by 775.
773
What is the remainder when 3274 is divided by 1314?
646
What is the remainder when 115416 is divided by 223?
125
Calculate the remainder when 39541 is divided by 9853.
129
Calculate the remainder when 14034 is divided by 4627.
153
What is the remainder when 15004 is divided by 319?
11
What is the remainder when 3082 is divided by 103?
95
Calculate the remainder when 1820 is divided by 1804.
16
Calculate the remainder when 2098 is divided by 206.
38
Calculate the remainder when 482569 is divided by 293.
291
Calculate the remainder when 4043 is divided by 3511.
532
Calculate the remainder when 118168 is divided by 2272.
24
Calculate the remainder when 1223207 is divided by 8.
7
What is the remainder when 18668 is divided by 934?
922
What is the remainder when 3375 is divided by 3316?
59
What is the remainder when 1125 is divided by 527?
71
Calculate the remainder when 31954 is divided by 77.
76
Calculate the remainder when 39332 is divided by 33.
29
What is the remainder when 70573 is divided by 35285?
3
What is the remainder when 190504 is divided by 1296?
1288
What is the remainder when 409449 is divided by 73?
65
What is the remainder when 332718 is divided by 8?
6
What is the remainder when 891699 is divided by 18?
15
What is the remainder when 1519 is divided by 6?
1
What is the remainder when 3974 is divided by 3006?
968
Calculate the remainder when 11848 is divided by 289.
288
What is the remainder when 168368 is divided by 2006?
1870
What is the remainder when 14125 is divided by 20?
5
What is the remainder when 14546 is divided by 36?
2
What is the remainder when 3130 is divided by 146?
64
Calculate the remainder when 12326 is divided by 300.
26
What is the remainder when 47015 is divided by 23506?
3
What is the remainder when 2182 is divided by 542?
14
Calculate the remainder when 5054 is divided by 141.
119
Calculate the remainder when 2612 is divided by 677.
581
Calculate the remainder when 5831 is divided by 2733.
365
What is the remainder when 719927 is divided by 12?
11
Calculate the remainder when 4435 is divided by 212.
195
What is the remainder when 3395 is divided by 2836?
559
Calculate the remainder when 76652 is divided by 92.
16
What is the remainder when 1732 is divided by 1262?
470
Calculate the remainder when 68458 is divided by 479.
440
What is the remainder when 6245 is divided by 575?
495
Calculate the remainder when 15337 is divided by 202.
187
What is the remainder when 381 is divided by 126?
3
What is the remainder when 8112 is divided by 3804?
504
Calculate the remainder when 3821 is divided by 269.
55
Calculate the remainder when 25271 is divided by 1904.
519
What is the remainder when 41257 is divided by 57?
46
Calculate the remainder when 1957 is divided by 285.
247
Calculate the remainder when 1379 is divided by 81.
2
What is the remainder when 637815 is divided by 74?
9
What is the remainder when 52856 is divided by 10571?
1
What is the remainder when 3063 is divided by 442?
411
What is the remainder when 6532 is divided by 13?
6
What is the remainder when 38853 is divided by 958?
533
Calculate the remainder when 81863 is divided by 422.
417
What is the remainder when 2221855 is divided by 23?
9
Calculate the remainder when 106015 is divided by 6.
1
What is the remainder when 29652 is divided by 29649?
3
What is the remainder when 496 is divided by 229?
38
Calculate the remainder when 3751 is divided by 1724.
303
What is the remainder when 30524 is divided by 436?
4
Calculate the remainder when 26836 is divided by 192.
148
Calculate the remainder when 2573 is divided by 2560.
13
Calculate the remainder when 4267 is divided by 35.
32
Calculate the remainder when 643077 is divided by 131.
129
Calculate the remainder when 34082 is divided by 77.
48
What is the remainder when 876 is divided by 124?
8
Calculate the remainder when 35626 is divided by 2085.
181
What is the remainder when 79411 is divided by 26463?
22
Calculate the remainder when 15358 is divided by 5046.
220
Calculate the remainder when 11960 is divided by 1492.
24
What is the remainder when 756432 is divided by 507?
495
Calculate the remainder when 64811 is divided by 531.
29
Calculate the remainder when 35212 is divided by 7036.
32
What is the remainder when 139437 is divided by 498?
495
Calculate the remainder when 36511 is divided by 18255.
1
What is the remainder when 15963 is divided by 7978?
7
Calculate the remainder when 787 is divided by 473.
314
What is the remainder when 9295 is divided by 6?
1
Calculate the remainder when 7077 is divided by 163.
68
Calculate the remainder when 250582 is divided by 18.
4
Calculate the remainder when 3739 is divided by 3488.
251
What is the remainder when 1882 is divided by 756?
370
What is the remainder when 306990 is divided by 79?
75
Calculate the remainder when 9208 is divided by 49.
45
Calculate the remainder when 3158 is divided by 233.
129
What is the remainder when 290161 is divided by 241?
238
What is the remainder when 64532 is divided by 2486?
2382
Calculate the remainder when 3589 is divided by 1190.
19
Calculate the remainder when 54941 is divided b